{"version":"1.0","type":"rich","width":"560px","height":"140px","title":"Richard G\u00fcnther - In unserer f\u00fcnften Folge haben wir - Kora Riecken und Hermine Vulturius - Richard G\u00fcnther zu Gast.","url":"https:\/\/sage-und-schreibe.com\/05-richard-guenther\/","author_name":"sage und schreibe - der Schreibwerkstatt-Podcast","author_url":"https:\/\/sage-und-schreibe.com","thumbnail_url":"https:\/\/sage-und-schreibe.com\/wp-content\/uploads\/sage_und_schreibe_05_richard_guenther_cover.jpg","html":"<iframe width=\"560px\" height=\"140px\" src=\"https:\/\/sage-und-schreibe.com\/05-richard-guenther\/?standalonePlayer\"><\/iframe>"}

Richard Günther - In unserer fünften Folge haben wir - Kora Riecken und Hermine Vulturius - Richard Günther zu Gast.
